{"id":20,"date":"2023-08-07T21:06:24","date_gmt":"2023-08-07T19:06:24","guid":{"rendered":"http:\/\/www.jordiesparrech.es\/?page_id=20"},"modified":"2023-10-18T23:11:16","modified_gmt":"2023-10-18T21:11:16","slug":"trajectoria","status":"publish","type":"page","link":"https:\/\/www.jordiesparrech.es\/?page_id=20","title":{"rendered":"Traject\u00f2ria"},"content":{"rendered":"\n<figure class=\"wp-block-image size-large\"><img loading=\"lazy\" decoding=\"async\" width=\"1024\" height=\"682\" src=\"https:\/\/www.jordiesparrech.es\/wp-content\/uploads\/2023\/09\/230621-krismoya-1-1024x682.jpg\" alt=\"\" class=\"wp-image-87\" srcset=\"https:\/\/www.jordiesparrech.es\/wp-content\/uploads\/2023\/09\/230621-krismoya-1-1024x682.jpg 1024w, https:\/\/www.jordiesparrech.es\/wp-content\/uploads\/2023\/09\/230621-krismoya-1-300x200.jpg 300w, https:\/\/www.jordiesparrech.es\/wp-content\/uploads\/2023\/09\/230621-krismoya-1-768x511.jpg 768w, https:\/\/www.jordiesparrech.es\/wp-content\/uploads\/2023\/09\/230621-krismoya-1.jpg 1080w\" sizes=\"auto, (max-width: 1024px) 100vw, 1024px\" \/><\/figure>\n\n\n\n<p>Fill de Canet de mar, nascut l&#8217;agost de 1971, el mateix any de la ignauguraci\u00f3 del C.T.Canet 1971, on vaig quedar campi\u00f3 en diferents categories, i finalment en l&#8217;absoluta. Als 20 anys ja dirigia l&#8217;escola del club, i poc despr\u00e9s comen\u00e7ava els estudis superiors d&#8217;educaci\u00f3 f\u00edsica a Lleida i els finalitzava a Barcelona. M\u00e0ster en gesti\u00f3 i direcci\u00f3 d&#8217;entitats esportives a la universitat Ramon Llull.<\/p>\n\n\n\n<p>Despr\u00e9s d&#8217;un any a la Federaci\u00f3 Catalana de Tennis com a preparador f\u00edsic i entrenador de tennis vaig dirigir la secci\u00f3 de tennis del club Can M\u00e8lich de Sant Just Desvern. <\/p>\n\n\n\n<p>Dedicat en els darrers anys a les classes individuals en diferents clubs (Matar\u00f3, Tur\u00f3, Laiet\u00e0, Polo, RCTB, entre els m\u00e9s rellevants) fins l&#8217;actualitat, en que dirigeixo l&#8217;escola del SEC a Corbera i coordino la secci\u00f3 de tennis del club.<\/p>\n","protected":false},"excerpt":{"rendered":"<p>Fill de Canet de mar, nascut l&#8217;agost de 1971, el mateix any de la ignauguraci\u00f3 del C.T.Canet 1971, on vaig quedar campi\u00f3 en diferents categories, i finalment en l&#8217;absoluta. Als 20 anys ja dirigia l&#8217;escola del club, i poc despr\u00e9s comen\u00e7ava els estudis superiors d&#8217;educaci\u00f3 f\u00edsica a Lleida i els finalitzava a Barcelona. M\u00e0ster en [&hellip;]<\/p>\n","protected":false},"author":2,"featured_media":0,"parent":0,"menu_order":0,"comment_status":"closed","ping_status":"closed","template":"","meta":{"footnotes":""},"class_list":["post-20","page","type-page","status-publish","hentry"],"_links":{"self":[{"href":"https:\/\/www.jordiesparrech.es\/index.php?rest_route=\/wp\/v2\/pages\/20","targetHints":{"allow":["GET"]}}],"collection":[{"href":"https:\/\/www.jordiesparrech.es\/index.php?rest_route=\/wp\/v2\/pages"}],"about":[{"href":"https:\/\/www.jordiesparrech.es\/index.php?rest_route=\/wp\/v2\/types\/page"}],"author":[{"embeddable":true,"href":"https:\/\/www.jordiesparrech.es\/index.php?rest_route=\/wp\/v2\/users\/2"}],"replies":[{"embeddable":true,"href":"https:\/\/www.jordiesparrech.es\/index.php?rest_route=%2Fwp%2Fv2%2Fcomments&post=20"}],"version-history":[{"count":5,"href":"https:\/\/www.jordiesparrech.es\/index.php?rest_route=\/wp\/v2\/pages\/20\/revisions"}],"predecessor-version":[{"id":132,"href":"https:\/\/www.jordiesparrech.es\/index.php?rest_route=\/wp\/v2\/pages\/20\/revisions\/132"}],"wp:attachment":[{"href":"https:\/\/www.jordiesparrech.es\/index.php?rest_route=%2Fwp%2Fv2%2Fmedia&parent=20"}],"curies":[{"name":"wp","href":"https:\/\/api.w.org\/{rel}","templated":true}]}}